{"id":149,"date":"2025-05-31T15:39:05","date_gmt":"2025-05-31T15:39:05","guid":{"rendered":"https:\/\/aprs.net.ve\/?page_id=149"},"modified":"2025-05-31T20:46:59","modified_gmt":"2025-05-31T20:46:59","slug":"lora-wan","status":"publish","type":"page","link":"https:\/\/aprs.net.ve\/?page_id=149","title":{"rendered":"LoRa &#8211; WAN"},"content":{"rendered":"\n<p><strong>LoRa <\/strong>es una tecnolog\u00eda de comunicaci\u00f3n inal\u00e1mbrica de bajo consumo, bidireccional y para transmisi\u00f3n de un bajo volumen de datos y grandes distancias. Te detallamos todas sus ventajas<\/p>\n\n\n\n<p>Estas caracter\u00edsticas la convierten en un&nbsp;gran habilitador de iniciativas <a href=\"https:\/\/es.wikipedia.org\/wiki\/Internet_de_las_cosas\">IoT<\/a> para cualquier tipo de entorno, industrial, facility management, agricultura, Smart Cities, log\u00edstica, RadioAfici\u00f3n, entre otros. A diferencia de otras tecnolog\u00edas de comunicaci\u00f3n inal\u00e1mbrica, LoRa permite el despliegue de una red en un \u00e1rea extensa de un gran conjunto de dispositivos alimentados por bater\u00edas de una manera sencilla y viable econ\u00f3micamente. Este tipo de comunicaci\u00f3n es llamada <strong>LPWAN (Low Power Wide Area Network).<\/strong><\/p>\n\n\n\n<p><strong>En radioafici\u00f3n, LoRa (Long Range)<\/strong> es una&nbsp;tecnolog\u00eda de comunicaci\u00f3n inal\u00e1mbrica que permite transmitir datos a largas distancias con bajo consumo de energ\u00eda.&nbsp;Es especialmente \u00fatil para aplicaciones como la transmisi\u00f3n de datos de sensores, geolocalizaci\u00f3n, y la creaci\u00f3n de redes de radioaficionados de largo alcance.&nbsp;<\/p>\n\n\n\n<figure class=\"wp-block-image size-large\"><img loading=\"lazy\" decoding=\"async\" width=\"1024\" height=\"661\" src=\"https:\/\/aprs.net.ve\/wp-content\/uploads\/2025\/05\/lora-tracker-1024x661.png\" alt=\"\" class=\"wp-image-152\" srcset=\"https:\/\/aprs.net.ve\/wp-content\/uploads\/2025\/05\/lora-tracker-1024x661.png 1024w, https:\/\/aprs.net.ve\/wp-content\/uploads\/2025\/05\/lora-tracker-300x194.png 300w, https:\/\/aprs.net.ve\/wp-content\/uploads\/2025\/05\/lora-tracker-768x496.png 768w, https:\/\/aprs.net.ve\/wp-content\/uploads\/2025\/05\/lora-tracker.png 1280w\" sizes=\"auto, (max-width: 1024px) 100vw, 1024px\" \/><\/figure>\n\n\n\n<p><\/p>\n\n\n\n<ul class=\"wp-block-list\">\n<li><strong>Largo alcance:<\/strong> LoRa est\u00e1 dise\u00f1ada para transmitir datos a largas distancias, lo que la hace ideal para aplicaciones donde el alcance es importante.&nbsp;<\/li>\n\n\n\n<li><strong>Bajo consumo de energ\u00eda:<\/strong> La tecnolog\u00eda LoRa permite que los dispositivos de radioaficionados consuman muy poca energ\u00eda, lo que es crucial para aplicaciones alimentadas por bater\u00edas.&nbsp;<\/li>\n\n\n\n<li><strong>Banda ISM:<\/strong> LoRa opera en bandas de frecuencia ISM (Industrial, Scientific, and Medical) sin licencia, lo que la hace accesible para radioaficionados.&nbsp;<\/li>\n\n\n\n<li><strong>Aplicaciones en radioafici\u00f3n:<\/strong>\n<ul class=\"wp-block-list\">\n<li><strong>APRS (Automatic Packet Reporting System):<\/strong>&nbsp;Se puede utilizar para transmitir informaci\u00f3n de posici\u00f3n, datos de sensores y otros datos en tiempo real a otros radioaficionados.&nbsp;<\/li>\n\n\n\n<li><strong>Redes de radioaficionados:<\/strong>&nbsp;LoRa permite la creaci\u00f3n de redes de radioaficionados de largo alcance, lo que puede ser \u00fatil para comunicaciones de emergencia o para extender el alcance de las estaciones.&nbsp;<\/li>\n\n\n\n<li><strong>Monitoreo y telemetr\u00eda:<\/strong>&nbsp;Se puede utilizar para monitorear condiciones ambientales, sensores, y otros par\u00e1metros relevantes para la radioafici\u00f3n.&nbsp;<\/li>\n<\/ul>\n<\/li>\n\n\n\n<li><strong>No es un protocolo:<\/strong> La tecnolog\u00eda LoRa es una modulaci\u00f3n f\u00edsica, no un protocolo de red.&nbsp;LoRaWAN es el protocolo de red que se utiliza en combinaci\u00f3n con LoRa para crear redes de \u00e1rea amplia de bajo consumo.&nbsp;<\/li>\n<\/ul>\n\n\n\n<p><\/p>\n\n\n\n<p><strong>Trackers con LoRa<\/strong><\/p>\n\n\n\n<p>Los rastreadores se utilizan para transmitir su posici\u00f3n geogr\u00e1fica en tiempo real a trav\u00e9s de la modulaci\u00f3n LoRa en la frecuencia de 433,775 MHz.<\/p>\n\n\n\n<p>Se pueden construir utilizando m\u00f3dulos ESP32 LoRa, que incluyen un transmisor\/receptor de 433 MHz, un receptor GPS, un m\u00f3dulo WiFi, un microcontrolador y una pantalla OLED. Generalmente se instalan en veh\u00edculos o en modo peat\u00f3n.<\/p>\n\n\n\n<figure class=\"wp-block-image size-full\"><img loading=\"lazy\" decoding=\"async\" width=\"958\" height=\"653\" src=\"https:\/\/aprs.net.ve\/wp-content\/uploads\/2025\/05\/image-3.png\" alt=\"\" class=\"wp-image-207\" srcset=\"https:\/\/aprs.net.ve\/wp-content\/uploads\/2025\/05\/image-3.png 958w, https:\/\/aprs.net.ve\/wp-content\/uploads\/2025\/05\/image-3-300x204.png 300w, https:\/\/aprs.net.ve\/wp-content\/uploads\/2025\/05\/image-3-768x523.png 768w\" sizes=\"auto, (max-width: 958px) 100vw, 958px\" \/><\/figure>\n\n\n\n<p>Los sistemas iGate reciben las tramas enviadas por los rastreadores en 433.775 MHz y las inyectan en la red APRS mediante acceso a Internet. Est\u00e1n construidos con m\u00f3dulos LoRa ESP32, casi id\u00e9nticos al rastreador, pero sin el receptor GPS, que no resulta \u00fatil. Se instalan en posiciones fijas en puntos elevados o en zonas urbanas para garantizar la m\u00e1xima cobertura posible.<\/p>\n\n\n\n<p>Las posiciones del rastreador y del iGate pueden luego ser visualizadas por la comunidad en mapas usando un navegador en una computadora o PDA conectada a los sitios web como <a href=\"https:\/\/aprs.fi\/#!lat=10.26050&amp;lng=-68.01900\">aprs.fi<\/a>.<\/p>\n\n\n\n<figure class=\"wp-block-image size-large\"><img loading=\"lazy\" decoding=\"async\" width=\"1024\" height=\"556\" src=\"https:\/\/aprs.net.ve\/wp-content\/uploads\/2025\/05\/image-2-1024x556.png\" alt=\"\" class=\"wp-image-153\" srcset=\"https:\/\/aprs.net.ve\/wp-content\/uploads\/2025\/05\/image-2-1024x556.png 1024w, https:\/\/aprs.net.ve\/wp-content\/uploads\/2025\/05\/image-2-300x163.png 300w, https:\/\/aprs.net.ve\/wp-content\/uploads\/2025\/05\/image-2-768x417.png 768w, https:\/\/aprs.net.ve\/wp-content\/uploads\/2025\/05\/image-2.png 1171w\" sizes=\"auto, (max-width: 1024px) 100vw, 1024px\" \/><\/figure>\n\n\n\n<p>La utilizaci\u00f3n de LoRa en radioafici\u00f3n presenta varias ventajas, como un&nbsp;largo alcance, bajo consumo de energ\u00eda, alta tolerancia a interferencias y facilidad de implementaci\u00f3n, lo que la hace ideal para aplicaciones como la telemetr\u00eda, el seguimiento de objetos y la comunicaci\u00f3n en \u00e1reas remotas.&nbsp;<\/p>\n\n\n\n<p>Ventajas espec\u00edficas:<\/p>\n\n\n\n<ul class=\"wp-block-list\">\n<li><strong>Largo alcance:<\/strong> LoRa permite transmitir se\u00f1ales a largas distancias (10-20 km) sin necesidad de una red celular o conexi\u00f3n a Internet, lo que es ideal para radioaficionados en \u00e1reas remotas o para la comunicaci\u00f3n entre estaciones distantes.&nbsp;<\/li>\n\n\n\n<li><strong>Bajo consumo de energ\u00eda:<\/strong> El bajo consumo de LoRa (hasta 10 a\u00f1os con una bater\u00eda) lo hace ideal para dispositivos que operan en modo de bajo consumo, como sensores y actuadores.&nbsp;<\/li>\n\n\n\n<li><strong>Alta tolerancia a interferencias:<\/strong>La modulaci\u00f3n LoRa es altamente resistente a las interferencias, lo que la hace confiable en entornos con alta interferencia electromagn\u00e9tica.&nbsp;<\/li>\n\n\n\n<li><strong>Facilidad de implementaci\u00f3n:<\/strong>Los dispositivos LoRa son relativamente f\u00e1ciles de implementar, lo que permite a los radioaficionados desarrollar sus propias aplicaciones sin necesidad de una infraestructura compleja.&nbsp;<\/li>\n\n\n\n<li><strong>Baja tasa de datos:<\/strong>La tasa de datos de LoRa es relativamente baja, pero suficiente para aplicaciones de monitoreo y telemetr\u00eda.&nbsp;<\/li>\n\n\n\n<li><strong>Bajo costo:<\/strong>Tanto los dispositivos como las redes LoRa suelen ser m\u00e1s econ\u00f3micos que otras opciones de comunicaci\u00f3n inal\u00e1mbrica, lo que las convierte en una opci\u00f3n accesible para radioaficionados.&nbsp;<\/li>\n<\/ul>\n","protected":false},"excerpt":{"rendered":"<p>LoRa es una tecnolog\u00eda de comunicaci\u00f3n inal\u00e1mbrica de bajo consumo, bidireccional y para transmisi\u00f3n de un bajo volumen de datos y grandes distancias. Te detallamos todas sus ventajas Estas caracter\u00edsticas la convierten en un&nbsp;gran habilitador de iniciativas IoT para cualquier tipo de entorno, industrial, facility management, agricultura, Smart Cities, log\u00edstica, RadioAfici\u00f3n, entre otros. A diferencia [&hellip;]<\/p>\n","protected":false},"author":1,"featured_media":150,"parent":0,"menu_order":0,"comment_status":"closed","ping_status":"closed","template":"","meta":{"footnotes":""},"class_list":["post-149","page","type-page","status-publish","has-post-thumbnail","hentry"],"_links":{"self":[{"href":"https:\/\/aprs.net.ve\/index.php?rest_route=\/wp\/v2\/pages\/149","targetHints":{"allow":["GET"]}}],"collection":[{"href":"https:\/\/aprs.net.ve\/index.php?rest_route=\/wp\/v2\/pages"}],"about":[{"href":"https:\/\/aprs.net.ve\/index.php?rest_route=\/wp\/v2\/types\/page"}],"author":[{"embeddable":true,"href":"https:\/\/aprs.net.ve\/index.php?rest_route=\/wp\/v2\/users\/1"}],"replies":[{"embeddable":true,"href":"https:\/\/aprs.net.ve\/index.php?rest_route=%2Fwp%2Fv2%2Fcomments&post=149"}],"version-history":[{"count":5,"href":"https:\/\/aprs.net.ve\/index.php?rest_route=\/wp\/v2\/pages\/149\/revisions"}],"predecessor-version":[{"id":208,"href":"https:\/\/aprs.net.ve\/index.php?rest_route=\/wp\/v2\/pages\/149\/revisions\/208"}],"wp:featuredmedia":[{"embeddable":true,"href":"https:\/\/aprs.net.ve\/index.php?rest_route=\/wp\/v2\/media\/150"}],"wp:attachment":[{"href":"https:\/\/aprs.net.ve\/index.php?rest_route=%2Fwp%2Fv2%2Fmedia&parent=149"}],"curies":[{"name":"wp","href":"https:\/\/api.w.org\/{rel}","templated":true}]}}