{"id":2,"date":"2025-05-21T00:07:19","date_gmt":"2025-05-21T00:07:19","guid":{"rendered":"https:\/\/aprs.net.ve\/?page_id=2"},"modified":"2025-05-21T02:57:56","modified_gmt":"2025-05-21T02:57:56","slug":"sample-page","status":"publish","type":"page","link":"https:\/\/aprs.net.ve\/?page_id=2","title":{"rendered":"\u00bfQu\u00e9 es APRS?"},"content":{"rendered":"\n<figure class=\"wp-block-image size-large\"><img loading=\"lazy\" decoding=\"async\" width=\"1024\" height=\"683\" src=\"https:\/\/aprs.net.ve\/wp-content\/uploads\/2025\/05\/raspberry-pi-aprs-1024x683.jpg\" alt=\"\" class=\"wp-image-22\" srcset=\"https:\/\/aprs.net.ve\/wp-content\/uploads\/2025\/05\/raspberry-pi-aprs-1024x683.jpg 1024w, https:\/\/aprs.net.ve\/wp-content\/uploads\/2025\/05\/raspberry-pi-aprs-300x200.jpg 300w, https:\/\/aprs.net.ve\/wp-content\/uploads\/2025\/05\/raspberry-pi-aprs-768x512.jpg 768w, https:\/\/aprs.net.ve\/wp-content\/uploads\/2025\/05\/raspberry-pi-aprs-660x440.jpg 660w, https:\/\/aprs.net.ve\/wp-content\/uploads\/2025\/05\/raspberry-pi-aprs.jpg 1200w\" sizes=\"auto, (max-width: 1024px) 100vw, 1024px\" \/><\/figure>\n\n\n\n<p><strong>APRS (Sistema Autom\u00e1tico de Reporte de Paquetes)&nbsp;<\/strong>es un protocolo de comunicaci\u00f3n digital que permite a los radioaficionados intercambiar informaci\u00f3n. Este sistema se basa en la transmisi\u00f3n de peque\u00f1os paquetes de datos, que contienen informaci\u00f3n como; coordenadas de ubicaci\u00f3n GPS, mensajes&nbsp;cortos y datos de telemetr\u00eda que se transmiten a trav\u00e9s de radios de comunicaciones.<\/p>\n\n\n\n<p><strong>APRS<\/strong> nos permite a los radioaficionados compartir informaci\u00f3n en tiempo real, como la ubicaci\u00f3n de veh\u00edculos o personas, compartor reportes de estaciones meteorol\u00f3gicas, hasta  mensajes de texto sms, o correo electr\u00f3nico.&nbsp;<\/p>\n\n\n\n<p>La informaci\u00f3n transmitida a trav\u00e9s de <strong>APRS<\/strong> se puede ver y analizar en una red de servidores y aplicaciones, como <strong>APRS-IS<\/strong>, que proporciona una vista global de los datos transmitidos por los radioaficionados en cualquier parte del  mundo.<\/p>\n\n\n\n<p>El sistema&nbsp;<strong>APRS<\/strong>&nbsp;fue desarrollado por Bob Bruninga <strong>WB4APR<\/strong> (<strong>sk<\/strong>) como un &nbsp;&nbsp;sistema de comunicaciones amateur que permite integrar datos e im\u00e1genes en diferentes sistemas de radio y computaci\u00f3n, y desde su creaci\u00f3n ha crecido aprovechando los avances en tecnolog\u00eda GPS y computacional, que actualmente puede ser utilizado en pr\u00e1cticamente cualquier aspecto de la Radioafici\u00f3n<\/p>\n\n\n\n<p>Cada estaci\u00f3n u objeto contiene varios tipos de informaci\u00f3n. Los objetos pueden representar repetidores y sus frecuencias de operaci\u00f3n, avisos de reuniones, eventos de informaci\u00f3n, hamfests, nodos digitales de datos o voz y sus frecuencias, tr\u00e1fico y ubicaci\u00f3n de estaciones fijas y m\u00f3viles, accidentes o situaciones de emergencia, difusi\u00f3n de informaci\u00f3n meteorol\u00f3gica, telemetr\u00eda etc. Y  todo en tiempo real.<\/p>\n\n\n\n<p><strong>APRS<\/strong> tiene ya m\u00e1s de 35 a\u00f1os en funcionamiento y se ha convertido en una herramienta global para el intercambio de informaci\u00f3n de la radioafici\u00f3n a nivel mundial, mediante la estandarizaci\u00f3n de frecuencias de operaci\u00f3n en todo el mundo.<\/p>\n\n\n\n<p>Existen en la actualidad muchas formas de acceder a los canales del sistema <strong>APRS<\/strong>, ya sea conect\u00e1ndose directamente por radio anal\u00f3gica a alguno de los varios miles de \u201cnodos\u201d dispersos alrededor del mundo, o a trav\u00e9s de enlaces de datos que existen desde los inicios de las redes de \u201cpacket\u201d, que son pasarelas de Internet instaladas por radioaficionados y nodos de radio instalados en varias de las repetidoras de voz digital m\u00e1s recientes.<\/p>\n\n\n\n<p><strong>APRS<\/strong> soporta mensajes globales entre radioaficionados, boletines, objetos localizables en tiempo real, actualmente todos los nodos del mundo se encuentran interconectados a trav\u00e9s de Internet por medio de&nbsp;<strong>iGATES<\/strong>&nbsp;y son completamente accesibles a trav\u00e9s del sistema&nbsp;<strong>APRS-IS<\/strong>, que le permite a cualquier operador accesar desde cualquier parte del mundo&nbsp;<strong>aunque NO disponga de una conexi\u00f3n a Internet<\/strong>, simplemente usando un radio m\u00f3vil o port\u00e1til.<\/p>\n\n\n\n<p>Anteriormente si deseabas utilizar <strong>APRS<\/strong> deb\u00edas comprar un equipo TNC o un <strong>\u201ctracker<\/strong>\u201d y configurar y\/o modificar tu radio para poder enviar (y recibir) los paquetes de datos de la red, sin embargo, en la actualidad ya existen muchos equipos de radioaficionado (<em>o comerciales de segunda mano<\/em>) que ya incluyen la funci\u00f3n de <strong>GPS\/APRS<\/strong> de f\u00e1brica, varios de ellos a bajo costo.<\/p>\n\n\n\n<p><strong>APRS-IS (APRS Internet System)<\/strong>: Al igual que muchos otros sistemas de radioaficionados, APRS ha sido completamente incorporado e integrado con Internet.<\/p>\n\n\n\n<p>Recordemos que los radioaficionados fueron pioneros en las primeras iniciativas de interconectividad e infraestructura global de datos, al usar sus equipos de radio para transmitir y recibir datos&nbsp;<strong>v\u00eda RF<\/strong>&nbsp;en los segmentos y bandas asignadas para este fin, y actualmente existen varias plataformas online para visualizar la informaci\u00f3n de la actividad <strong>APRS<\/strong> tales como&nbsp;<a href=\"https:\/\/aprs.fi\/#!lat=10.25750&amp;lng=-68.01583\"><strong>APRS.FI<\/strong>&nbsp;<\/a><\/p>\n\n\n\n<p>Instalar un nodo de <strong>APRS<\/strong> (<strong><em>o digipeater<\/em><\/strong>) es mucho m\u00e1s sencillo que instalar una repetidora an\u00e1loga de voz, ya que solo se requiere de un radio VHF en simplex, su antena ubicada en un lugar adecuado y cualquier dispositivo computacional de muy bajos recursos; una vieja laptop desechada, una placa Raspberry Pi, o incluso un viejo equipo telef\u00f3nico para hacerlo funcionar.<\/p>\n\n\n<div class=\"wp-block-image\">\n<figure class=\"aligncenter size-large is-resized\"><img loading=\"lazy\" decoding=\"async\" width=\"1024\" height=\"641\" src=\"https:\/\/aprs.net.ve\/wp-content\/uploads\/2025\/05\/aprs-tracker-1024x641.jpg\" alt=\"\" class=\"wp-image-20\" style=\"width:617px;height:auto\" srcset=\"https:\/\/aprs.net.ve\/wp-content\/uploads\/2025\/05\/aprs-tracker-1024x641.jpg 1024w, https:\/\/aprs.net.ve\/wp-content\/uploads\/2025\/05\/aprs-tracker-300x188.jpg 300w, https:\/\/aprs.net.ve\/wp-content\/uploads\/2025\/05\/aprs-tracker-768x481.jpg 768w, https:\/\/aprs.net.ve\/wp-content\/uploads\/2025\/05\/aprs-tracker-1536x962.jpg 1536w, https:\/\/aprs.net.ve\/wp-content\/uploads\/2025\/05\/aprs-tracker-660x413.jpg 660w, https:\/\/aprs.net.ve\/wp-content\/uploads\/2025\/05\/aprs-tracker.jpg 1600w\" sizes=\"auto, (max-width: 1024px) 100vw, 1024px\" \/><\/figure>\n<\/div>\n\n\n<p>Y para integrar estos digipeaters a la red <strong>APRS<\/strong> global, se puede construir un iGate o pasarela con casi los mismos requerimientos que un digipeater.<\/p>\n\n\n\n<p>Existen varios proyectos simples para construir nodos e iGates de <strong>APRS<\/strong>,\u00a0es por ello que te extendemos la invitaci\u00f3n para que te animes a participar y ser parte de <strong>APRS.net.ve<\/strong> a trav\u00e9s de esta iniciativa.<\/p>\n\n\n\n<p><\/p>\n","protected":false},"excerpt":{"rendered":"<p>APRS (Sistema Autom\u00e1tico de Reporte de Paquetes)&nbsp;es un protocolo de comunicaci\u00f3n digital que permite a los radioaficionados intercambiar informaci\u00f3n. Este sistema se basa en la transmisi\u00f3n de peque\u00f1os paquetes de datos, que contienen informaci\u00f3n como; coordenadas de ubicaci\u00f3n GPS, mensajes&nbsp;cortos y datos de telemetr\u00eda que se transmiten a trav\u00e9s de radios de comunicaciones. APRS nos [&hellip;]<\/p>\n","protected":false},"author":1,"featured_media":0,"parent":0,"menu_order":0,"comment_status":"closed","ping_status":"open","template":"","meta":{"footnotes":""},"class_list":["post-2","page","type-page","status-publish","hentry"],"_links":{"self":[{"href":"https:\/\/aprs.net.ve\/index.php?rest_route=\/wp\/v2\/pages\/2","targetHints":{"allow":["GET"]}}],"collection":[{"href":"https:\/\/aprs.net.ve\/index.php?rest_route=\/wp\/v2\/pages"}],"about":[{"href":"https:\/\/aprs.net.ve\/index.php?rest_route=\/wp\/v2\/types\/page"}],"author":[{"embeddable":true,"href":"https:\/\/aprs.net.ve\/index.php?rest_route=\/wp\/v2\/users\/1"}],"replies":[{"embeddable":true,"href":"https:\/\/aprs.net.ve\/index.php?rest_route=%2Fwp%2Fv2%2Fcomments&post=2"}],"version-history":[{"count":11,"href":"https:\/\/aprs.net.ve\/index.php?rest_route=\/wp\/v2\/pages\/2\/revisions"}],"predecessor-version":[{"id":24,"href":"https:\/\/aprs.net.ve\/index.php?rest_route=\/wp\/v2\/pages\/2\/revisions\/24"}],"wp:attachment":[{"href":"https:\/\/aprs.net.ve\/index.php?rest_route=%2Fwp%2Fv2%2Fmedia&parent=2"}],"curies":[{"name":"wp","href":"https:\/\/api.w.org\/{rel}","templated":true}]}}